{"id":536,"date":"2017-02-17T11:27:37","date_gmt":"2017-02-17T10:27:37","guid":{"rendered":"https:\/\/kestaremesto.grkatke.sk\/?page_id=536"},"modified":"2017-05-09T06:59:45","modified_gmt":"2017-05-09T04:59:45","slug":"sviatost-pomazania-chorych","status":"publish","type":"page","link":"https:\/\/kestaremesto.grkatke.sk\/?page_id=536","title":{"rendered":"SVIATOS\u0164 POMAZANIA CHOR\u00ddCH"},"content":{"rendered":"<p style=\"text-align: justify;\"><cite><img loading=\"lazy\" decoding=\"async\" class=\"wp-image-750 alignright\" src=\"https:\/\/kestaremesto.grkatke.sk\/wp-content\/uploads\/2017\/02\/icon-good-samaritan-stisaac-300x207.jpg\" alt=\"\" width=\"563\" height=\"389\" srcset=\"https:\/\/kestaremesto.grkatke.sk\/wp-content\/uploads\/2017\/02\/icon-good-samaritan-stisaac-300x207.jpg 300w, https:\/\/kestaremesto.grkatke.sk\/wp-content\/uploads\/2017\/02\/icon-good-samaritan-stisaac.jpg 550w\" sizes=\"auto, (max-width: 563px) 100vw, 563px\" \/>&#8222;Je niekto z v\u00e1s chor\u00fd? Nech si zavol\u00e1 star\u0161\u00edch\u00a0<\/cite><cite>Cirkvi; a nech sa nad n\u00edm modlia a ma\u017e\u00fa ho\u00a0<\/cite><cite>olejom v P\u00e1novom mene. Modlitba s vierou\u00a0<\/cite><cite>uzdrav\u00ed chor\u00e9ho a P\u00e1n mu u\u013eav\u00ed; a ak sa<\/cite><cite>\u00a0dopustil hriechov, odpustia sa mu.&#8220;<\/cite><cite>\u00a0 (Jak 5, 14- 15)<\/cite><\/p>\n<p style=\"text-align: justify;\">Sviatos\u0165 pomazania chor\u00fdch m\u00e1 za cie\u013e udeli\u0165 osobitn\u00fa milos\u0165 kres\u0165anovi, ktor\u00fd pre\u017e\u00edva \u0165a\u017ekosti spojen\u00e9 so stavom \u0165a\u017ekej choroby alebo staroby. Vhodn\u00fd \u010das na prijatie sv\u00e4t\u00e9ho pomazania isto nast\u00e1va vtedy, ke\u010f sa veriaci za\u010d\u00edna ocita\u0165 v nebezpe\u010denstve smrti pre chorobu alebo starobu. Kres\u0165an m\u00f4\u017ee toto pomazanie prija\u0165 zaka\u017ed\u00fdm, ke\u010f upadne do \u0165a\u017ekej choroby, a tak isto aj vtedy, ke\u010f ho u\u017e prijal, ale choroba sa mu zhor\u0161\u00ed. Pomazanie chor\u00fdch je dobr\u00e9 prija\u0165 i v pr\u00edpade odchodu do nemocnice. Pomazanie chor\u00fdch sa neude\u013euje t\u00fdm, ktor\u00ed tvrdo\u0161ijne odmietaj\u00fa Boha v svojom \u017eivote \u010di zotrv\u00e1vaj\u00fa v zjavne \u0165a\u017ekom hriechu.<\/p>\n<p style=\"text-align: justify;\">Osobitn\u00e1 milos\u0165 sviatosti pomazania chor\u00fdch m\u00e1 tieto \u00fa\u010dinky:<\/p>\n<ul style=\"text-align: justify;\">\n<li>spojenie chor\u00e9ho s Kristov\u00fdm utrpen\u00edm pre jeho vlastn\u00e9 dobro a pre dobro celej Cirkvi;<\/li>\n<li>posilu, pokoj a odvahu kres\u0165ansky zn\u00e1\u0161a\u0165 utrpenia choroby alebo staroby;<\/li>\n<li>odpustenie hriechov, ak ho chor\u00fd nemohol prija\u0165 vo sviatosti pok\u00e1nia;<\/li>\n<li>navr\u00e1tenie zdravia, ak to oso\u017e\u00ed duchovnej sp\u00e1se;<\/li>\n<li>pr\u00edpravu na prechod do ve\u010dn\u00e9ho \u017eivota.<\/li>\n<\/ul>\n<p style=\"text-align: justify;\">Sviatos\u0165 pomazania chor\u00fdch m\u00f4\u017eu vysluhova\u0165 iba biskupi a k\u0148azi. Na jej udelenie pou\u017e\u00edvaj\u00fa posv\u00e4ten\u00fd olej, ktor\u00fdm poma\u017e\u00fa chor\u00e9ho na \u010dele, nose, l\u00edcach, per\u00e1ch, hrudi, ruk\u00e1ch a noh\u00e1ch. Toto pomazanie sprev\u00e1dza liturgick\u00e1 modlitba vysluhuj\u00faceho k\u0148aza, ktorou vyprosuje osobitn\u00fa milos\u0165 tejto sviatosti.<\/p>\n<p style=\"text-align: justify;\">Pros\u00edme, aby ste k\u0148aza zavolali k chor\u00e9mu \u010d\u00edm sk\u00f4r, nie a\u017e vtedy, ke\u010f je v bezvedom\u00ed alebo m\u0155tvy. V pr\u00edpade, \u017ee chor\u00fd je v nemocnici, po\u017eiadajte zdravotn\u00edcky person\u00e1l, aby informoval duchovn\u00e9ho spr\u00e1vcu nemocn\u00edc v meste o potrebe udeli\u0165 sviatos\u0165. V pr\u00edpade, \u017ee chor\u00fd je doma, zavolajte na najbli\u017e\u0161\u00ed farsk\u00fd \u00farad pr\u00edslu\u0161nej\u00a0mestskej \u010dasti.<\/p>\n","protected":false},"excerpt":{"rendered":"<p>&#8222;Je niekto z v\u00e1s chor\u00fd? Nech si zavol\u00e1 star\u0161\u00edch\u00a0Cirkvi; a nech sa nad n\u00edm modlia a ma\u017e\u00fa ho\u00a0olejom v P\u00e1novom mene. Modlitba s vierou\u00a0uzdrav\u00ed chor\u00e9ho a P\u00e1n mu u\u013eav\u00ed; a ak sa\u00a0dopustil hriechov, odpustia sa mu.&#8220;\u00a0 (Jak 5, 14- 15) Sviatos\u0165 pomazania chor\u00fdch m\u00e1 za cie\u013e udeli\u0165 osobitn\u00fa milos\u0165 kres\u0165anovi, ktor\u00fd pre\u017e\u00edva \u0165a\u017ekosti spojen\u00e9 so [&hellip;]<\/p>\n","protected":false},"author":2,"featured_media":0,"parent":0,"menu_order":0,"comment_status":"closed","ping_status":"closed","template":"","meta":{"_coblocks_attr":"","_coblocks_dimensions":"","_coblocks_responsive_height":"","_coblocks_accordion_ie_support":"","footnotes":""},"class_list":["post-536","page","type-page","status-publish","hentry"],"yoast_head":"<!-- This site is optimized with the Yoast SEO plugin v27.4 - https:\/\/yoast.com\/product\/yoast-seo-wordpress\/ -->\n<title>SVIATOS\u0164 POMAZANIA CHOR\u00ddCH - GR\u00c9CKOKATOL\u00cdCKA CIRKEV FARNOS\u0164 KO\u0160ICE - STAR\u00c9 MESTO<\/title>\n<meta name=\"robots\" content=\"index, follow, max-snippet:-1, max-image-preview:large, max-video-preview:-1\" \/>\n<link rel=\"canonical\" href=\"https:\/\/kestaremesto.grkatke.sk\/?page_id=536\" \/>\n<meta property=\"og:locale\" content=\"sk_SK\" \/>\n<meta property=\"og:type\" content=\"article\" \/>\n<meta property=\"og:title\" content=\"SVIATOS\u0164 POMAZANIA CHOR\u00ddCH - GR\u00c9CKOKATOL\u00cdCKA CIRKEV FARNOS\u0164 KO\u0160ICE - STAR\u00c9 MESTO\" \/>\n<meta property=\"og:description\" content=\"&#8222;Je niekto z v\u00e1s chor\u00fd? Nech si zavol\u00e1 star\u0161\u00edch\u00a0Cirkvi; a nech sa nad n\u00edm modlia a ma\u017e\u00fa ho\u00a0olejom v P\u00e1novom mene. Modlitba s vierou\u00a0uzdrav\u00ed chor\u00e9ho a P\u00e1n mu u\u013eav\u00ed; a ak sa\u00a0dopustil hriechov, odpustia sa mu.&#8220;\u00a0 (Jak 5, 14- 15) Sviatos\u0165 pomazania chor\u00fdch m\u00e1 za cie\u013e udeli\u0165 osobitn\u00fa milos\u0165 kres\u0165anovi, ktor\u00fd pre\u017e\u00edva \u0165a\u017ekosti spojen\u00e9 so [&hellip;]\" \/>\n<meta property=\"og:url\" content=\"https:\/\/kestaremesto.grkatke.sk\/?page_id=536\" \/>\n<meta property=\"og:site_name\" content=\"GR\u00c9CKOKATOL\u00cdCKA CIRKEV FARNOS\u0164 KO\u0160ICE - STAR\u00c9 MESTO\" \/>\n<meta property=\"article:publisher\" content=\"https:\/\/www.facebook.com\/Na%c5%a1a-Katedr%c3%a1la-231637610336060\/\" \/>\n<meta property=\"article:modified_time\" content=\"2017-05-09T04:59:45+00:00\" \/>\n<meta property=\"og:image\" content=\"https:\/\/kestaremesto.grkatke.sk\/wp-content\/uploads\/2017\/02\/icon-good-samaritan-stisaac-300x207.jpg\" \/>\n<meta name=\"twitter:card\" content=\"summary_large_image\" \/>\n<meta name=\"twitter:label1\" content=\"Predpokladan\u00fd \u010das \u010d\u00edtania\" \/>\n\t<meta name=\"twitter:data1\" content=\"2 min\u00faty\" \/>\n<script type=\"application\/ld+json\" class=\"yoast-schema-graph\">{\"@context\":\"https:\\\/\\\/schema.org\",\"@graph\":[{\"@type\":\"WebPage\",\"@id\":\"https:\\\/\\\/kestaremesto.grkatke.sk\\\/?page_id=536\",\"url\":\"https:\\\/\\\/kestaremesto.grkatke.sk\\\/?page_id=536\",\"name\":\"SVIATOS\u0164 POMAZANIA CHOR\u00ddCH - GR\u00c9CKOKATOL\u00cdCKA CIRKEV FARNOS\u0164 KO\u0160ICE - STAR\u00c9 MESTO\",\"isPartOf\":{\"@id\":\"https:\\\/\\\/kestaremesto.grkatke.sk\\\/#website\"},\"primaryImageOfPage\":{\"@id\":\"https:\\\/\\\/kestaremesto.grkatke.sk\\\/?page_id=536#primaryimage\"},\"image\":{\"@id\":\"https:\\\/\\\/kestaremesto.grkatke.sk\\\/?page_id=536#primaryimage\"},\"thumbnailUrl\":\"https:\\\/\\\/kestaremesto.grkatke.sk\\\/wp-content\\\/uploads\\\/2017\\\/02\\\/icon-good-samaritan-stisaac-300x207.jpg\",\"datePublished\":\"2017-02-17T10:27:37+00:00\",\"dateModified\":\"2017-05-09T04:59:45+00:00\",\"breadcrumb\":{\"@id\":\"https:\\\/\\\/kestaremesto.grkatke.sk\\\/?page_id=536#breadcrumb\"},\"inLanguage\":\"sk-SK\",\"potentialAction\":[{\"@type\":\"ReadAction\",\"target\":[\"https:\\\/\\\/kestaremesto.grkatke.sk\\\/?page_id=536\"]}]},{\"@type\":\"ImageObject\",\"inLanguage\":\"sk-SK\",\"@id\":\"https:\\\/\\\/kestaremesto.grkatke.sk\\\/?page_id=536#primaryimage\",\"url\":\"https:\\\/\\\/kestaremesto.grkatke.sk\\\/wp-content\\\/uploads\\\/2017\\\/02\\\/icon-good-samaritan-stisaac.jpg\",\"contentUrl\":\"https:\\\/\\\/kestaremesto.grkatke.sk\\\/wp-content\\\/uploads\\\/2017\\\/02\\\/icon-good-samaritan-stisaac.jpg\",\"width\":550,\"height\":379},{\"@type\":\"BreadcrumbList\",\"@id\":\"https:\\\/\\\/kestaremesto.grkatke.sk\\\/?page_id=536#breadcrumb\",\"itemListElement\":[{\"@type\":\"ListItem\",\"position\":1,\"name\":\"Domovsk\u00e1 str\u00e1nka\",\"item\":\"https:\\\/\\\/kestaremesto.grkatke.sk\\\/\"},{\"@type\":\"ListItem\",\"position\":2,\"name\":\"SVIATOS\u0164 POMAZANIA CHOR\u00ddCH\"}]},{\"@type\":\"WebSite\",\"@id\":\"https:\\\/\\\/kestaremesto.grkatke.sk\\\/#website\",\"url\":\"https:\\\/\\\/kestaremesto.grkatke.sk\\\/\",\"name\":\"GR\u00c9CKOKATOL\u00cdCKA CIRKEV FARNOS\u0164 KO\u0160ICE - STAR\u00c9 MESTO\",\"description\":\"\",\"potentialAction\":[{\"@type\":\"SearchAction\",\"target\":{\"@type\":\"EntryPoint\",\"urlTemplate\":\"https:\\\/\\\/kestaremesto.grkatke.sk\\\/?s={search_term_string}\"},\"query-input\":{\"@type\":\"PropertyValueSpecification\",\"valueRequired\":true,\"valueName\":\"search_term_string\"}}],\"inLanguage\":\"sk-SK\"}]}<\/script>\n<!-- \/ Yoast SEO plugin. -->","yoast_head_json":{"title":"SVIATOS\u0164 POMAZANIA CHOR\u00ddCH - GR\u00c9CKOKATOL\u00cdCKA CIRKEV FARNOS\u0164 KO\u0160ICE - STAR\u00c9 MESTO","robots":{"index":"index","follow":"follow","max-snippet":"max-snippet:-1","max-image-preview":"max-image-preview:large","max-video-preview":"max-video-preview:-1"},"canonical":"https:\/\/kestaremesto.grkatke.sk\/?page_id=536","og_locale":"sk_SK","og_type":"article","og_title":"SVIATOS\u0164 POMAZANIA CHOR\u00ddCH - GR\u00c9CKOKATOL\u00cdCKA CIRKEV FARNOS\u0164 KO\u0160ICE - STAR\u00c9 MESTO","og_description":"&#8222;Je niekto z v\u00e1s chor\u00fd? Nech si zavol\u00e1 star\u0161\u00edch\u00a0Cirkvi; a nech sa nad n\u00edm modlia a ma\u017e\u00fa ho\u00a0olejom v P\u00e1novom mene. Modlitba s vierou\u00a0uzdrav\u00ed chor\u00e9ho a P\u00e1n mu u\u013eav\u00ed; a ak sa\u00a0dopustil hriechov, odpustia sa mu.&#8220;\u00a0 (Jak 5, 14- 15) Sviatos\u0165 pomazania chor\u00fdch m\u00e1 za cie\u013e udeli\u0165 osobitn\u00fa milos\u0165 kres\u0165anovi, ktor\u00fd pre\u017e\u00edva \u0165a\u017ekosti spojen\u00e9 so [&hellip;]","og_url":"https:\/\/kestaremesto.grkatke.sk\/?page_id=536","og_site_name":"GR\u00c9CKOKATOL\u00cdCKA CIRKEV FARNOS\u0164 KO\u0160ICE - STAR\u00c9 MESTO","article_publisher":"https:\/\/www.facebook.com\/Na%c5%a1a-Katedr%c3%a1la-231637610336060\/","article_modified_time":"2017-05-09T04:59:45+00:00","og_image":[{"url":"https:\/\/kestaremesto.grkatke.sk\/wp-content\/uploads\/2017\/02\/icon-good-samaritan-stisaac-300x207.jpg","type":"","width":"","height":""}],"twitter_card":"summary_large_image","twitter_misc":{"Predpokladan\u00fd \u010das \u010d\u00edtania":"2 min\u00faty"},"schema":{"@context":"https:\/\/schema.org","@graph":[{"@type":"WebPage","@id":"https:\/\/kestaremesto.grkatke.sk\/?page_id=536","url":"https:\/\/kestaremesto.grkatke.sk\/?page_id=536","name":"SVIATOS\u0164 POMAZANIA CHOR\u00ddCH - GR\u00c9CKOKATOL\u00cdCKA CIRKEV FARNOS\u0164 KO\u0160ICE - STAR\u00c9 MESTO","isPartOf":{"@id":"https:\/\/kestaremesto.grkatke.sk\/#website"},"primaryImageOfPage":{"@id":"https:\/\/kestaremesto.grkatke.sk\/?page_id=536#primaryimage"},"image":{"@id":"https:\/\/kestaremesto.grkatke.sk\/?page_id=536#primaryimage"},"thumbnailUrl":"https:\/\/kestaremesto.grkatke.sk\/wp-content\/uploads\/2017\/02\/icon-good-samaritan-stisaac-300x207.jpg","datePublished":"2017-02-17T10:27:37+00:00","dateModified":"2017-05-09T04:59:45+00:00","breadcrumb":{"@id":"https:\/\/kestaremesto.grkatke.sk\/?page_id=536#breadcrumb"},"inLanguage":"sk-SK","potentialAction":[{"@type":"ReadAction","target":["https:\/\/kestaremesto.grkatke.sk\/?page_id=536"]}]},{"@type":"ImageObject","inLanguage":"sk-SK","@id":"https:\/\/kestaremesto.grkatke.sk\/?page_id=536#primaryimage","url":"https:\/\/kestaremesto.grkatke.sk\/wp-content\/uploads\/2017\/02\/icon-good-samaritan-stisaac.jpg","contentUrl":"https:\/\/kestaremesto.grkatke.sk\/wp-content\/uploads\/2017\/02\/icon-good-samaritan-stisaac.jpg","width":550,"height":379},{"@type":"BreadcrumbList","@id":"https:\/\/kestaremesto.grkatke.sk\/?page_id=536#breadcrumb","itemListElement":[{"@type":"ListItem","position":1,"name":"Domovsk\u00e1 str\u00e1nka","item":"https:\/\/kestaremesto.grkatke.sk\/"},{"@type":"ListItem","position":2,"name":"SVIATOS\u0164 POMAZANIA CHOR\u00ddCH"}]},{"@type":"WebSite","@id":"https:\/\/kestaremesto.grkatke.sk\/#website","url":"https:\/\/kestaremesto.grkatke.sk\/","name":"GR\u00c9CKOKATOL\u00cdCKA CIRKEV FARNOS\u0164 KO\u0160ICE - STAR\u00c9 MESTO","description":"","potentialAction":[{"@type":"SearchAction","target":{"@type":"EntryPoint","urlTemplate":"https:\/\/kestaremesto.grkatke.sk\/?s={search_term_string}"},"query-input":{"@type":"PropertyValueSpecification","valueRequired":true,"valueName":"search_term_string"}}],"inLanguage":"sk-SK"}]}},"_links":{"self":[{"href":"https:\/\/kestaremesto.grkatke.sk\/index.php?rest_route=\/wp\/v2\/pages\/536","targetHints":{"allow":["GET"]}}],"collection":[{"href":"https:\/\/kestaremesto.grkatke.sk\/index.php?rest_route=\/wp\/v2\/pages"}],"about":[{"href":"https:\/\/kestaremesto.grkatke.sk\/index.php?rest_route=\/wp\/v2\/types\/page"}],"author":[{"embeddable":true,"href":"https:\/\/kestaremesto.grkatke.sk\/index.php?rest_route=\/wp\/v2\/users\/2"}],"replies":[{"embeddable":true,"href":"https:\/\/kestaremesto.grkatke.sk\/index.php?rest_route=%2Fwp%2Fv2%2Fcomments&post=536"}],"version-history":[{"count":6,"href":"https:\/\/kestaremesto.grkatke.sk\/index.php?rest_route=\/wp\/v2\/pages\/536\/revisions"}],"predecessor-version":[{"id":751,"href":"https:\/\/kestaremesto.grkatke.sk\/index.php?rest_route=\/wp\/v2\/pages\/536\/revisions\/751"}],"wp:attachment":[{"href":"https:\/\/kestaremesto.grkatke.sk\/index.php?rest_route=%2Fwp%2Fv2%2Fmedia&parent=536"}],"curies":[{"name":"wp","href":"https:\/\/api.w.org\/{rel}","templated":true}]}}