{"id":658,"date":"2017-03-30T09:50:49","date_gmt":"2017-03-30T07:50:49","guid":{"rendered":"https:\/\/kestaremesto.grkatke.sk\/?page_id=658"},"modified":"2026-03-28T22:43:32","modified_gmt":"2026-03-28T21:43:32","slug":"bohosluzobny-poriadok-mad","status":"publish","type":"page","link":"https:\/\/kestaremesto.grkatke.sk\/?page_id=658","title":{"rendered":"LITURGIKUS PROGRAM"},"content":{"rendered":"<p><span style=\"color: #ff0000;\"><strong>H\u00daSV\u00c9TI MAGYAR LITURGIKUS PROGRAM 2026<\/strong><\/span><\/p>\n<hr \/>\n<p><strong><span style=\"color: #ff0000;\">02.04.2026\u00a0\u00a0 NAGYCS\u00dcT\u00d6RT\u00d6K<\/span> &#8211; <\/strong><em><u>Magyar liturgia nincs.<br \/>\n<\/u><\/em><strong>17:00\u00a0 P\u00fcsp\u00f6ki szent liturgia<\/strong> vecserny\u00e9vel, M\u0171r\u00f3 szentel\u00e9ssel \u00e9s l\u00e1bmos\u00e1ssal <em>(szlov\u00e1k nyelven)<\/em><\/p>\n<p><span style=\"color: #ff0000;\"><strong>03.04.2026\u00a0\u00a0 NAGYP\u00c9NTEK. <\/strong><\/span><em><u>Szigor\u00fa b\u00f6jt!<br \/>\n<\/u><\/em><strong>09:30\u00a0 3. Kir\u00e1lyi ima\u00f3ra<br \/>\n<\/strong><em><u>Gy\u0171jt\u00e9s<\/u><\/em><em> a szents\u00edrn\u00e1l a Szentf\u00f6ld jav\u00e1ra.<\/em><\/p>\n<p><span style=\"color: #ff0000;\"><strong>05.04.2026\u00a0\u00a0 H\u00daSV\u00c9T SZENT \u00c9S NAGY VAS\u00c1RNAPJA<br \/>\n<\/strong><\/span><strong>12:00\u00a0 Felt\u00e1mad\u00e1si ima\u00f3ra. Liturgia.<\/strong><strong><br \/>\n<\/strong><em>H\u00fasv\u00e9ti eledelek meg\u00e1ld\u00e1sa. <u>Mirov\u00e1l\u00e1s<\/u>.<\/em><\/p>\n<p><span style=\"color: #ff0000;\"><strong>06.04.2026\u00a0\u00a0 H\u00daSV\u00c9T H\u00c9TF\u0150 <\/strong><\/span><em><span style=\"color: #ff0000;\">(parancsolt \u00fcnnep)<\/span><br \/>\n<\/em><em>08:00\u00a0 Liturgia Kenyhec (Kechnec)<\/em><em><br \/>\n<\/em>11:50\u00a0 Felt\u00e1mad\u00e1si ima\u00f3ra<br \/>\n<strong>12:00\u00a0 Liturgia<\/strong><\/p>\n<p>&nbsp;<\/p>\n","protected":false},"excerpt":{"rendered":"<p>H\u00daSV\u00c9TI MAGYAR LITURGIKUS PROGRAM 2026 02.04.2026\u00a0\u00a0 NAGYCS\u00dcT\u00d6RT\u00d6K &#8211; Magyar liturgia nincs. 17:00\u00a0 P\u00fcsp\u00f6ki szent liturgia vecserny\u00e9vel, M\u0171r\u00f3 szentel\u00e9ssel \u00e9s l\u00e1bmos\u00e1ssal (szlov\u00e1k nyelven) 03.04.2026\u00a0\u00a0 NAGYP\u00c9NTEK. Szigor\u00fa b\u00f6jt! 09:30\u00a0 3. Kir\u00e1lyi ima\u00f3ra Gy\u0171jt\u00e9s a szents\u00edrn\u00e1l a Szentf\u00f6ld jav\u00e1ra. 05.04.2026\u00a0\u00a0 H\u00daSV\u00c9T SZENT \u00c9S NAGY VAS\u00c1RNAPJA 12:00\u00a0 Felt\u00e1mad\u00e1si ima\u00f3ra. Liturgia. H\u00fasv\u00e9ti eledelek meg\u00e1ld\u00e1sa. Mirov\u00e1l\u00e1s. 06.04.2026\u00a0\u00a0 H\u00daSV\u00c9T H\u00c9TF\u0150 (parancsolt \u00fcnnep) [&hellip;]<\/p>\n","protected":false},"author":2,"featured_media":0,"parent":0,"menu_order":0,"comment_status":"closed","ping_status":"closed","template":"","meta":{"_coblocks_attr":"","_coblocks_dimensions":"","_coblocks_responsive_height":"","_coblocks_accordion_ie_support":"","footnotes":""},"class_list":["post-658","page","type-page","status-publish","hentry"],"yoast_head":"<!-- This site is optimized with the Yoast SEO plugin v27.4 - https:\/\/yoast.com\/product\/yoast-seo-wordpress\/ -->\n<title>LITURGIKUS PROGRAM - GR\u00c9CKOKATOL\u00cdCKA CIRKEV FARNOS\u0164 KO\u0160ICE - STAR\u00c9 MESTO<\/title>\n<meta name=\"robots\" content=\"index, follow, max-snippet:-1, max-image-preview:large, max-video-preview:-1\" \/>\n<link rel=\"canonical\" href=\"https:\/\/kestaremesto.grkatke.sk\/?page_id=658\" \/>\n<meta property=\"og:locale\" content=\"sk_SK\" \/>\n<meta property=\"og:type\" content=\"article\" \/>\n<meta property=\"og:title\" content=\"LITURGIKUS PROGRAM - GR\u00c9CKOKATOL\u00cdCKA CIRKEV FARNOS\u0164 KO\u0160ICE - STAR\u00c9 MESTO\" \/>\n<meta property=\"og:description\" content=\"H\u00daSV\u00c9TI MAGYAR LITURGIKUS PROGRAM 2026 02.04.2026\u00a0\u00a0 NAGYCS\u00dcT\u00d6RT\u00d6K &#8211; Magyar liturgia nincs. 17:00\u00a0 P\u00fcsp\u00f6ki szent liturgia vecserny\u00e9vel, M\u0171r\u00f3 szentel\u00e9ssel \u00e9s l\u00e1bmos\u00e1ssal (szlov\u00e1k nyelven) 03.04.2026\u00a0\u00a0 NAGYP\u00c9NTEK. Szigor\u00fa b\u00f6jt! 09:30\u00a0 3. Kir\u00e1lyi ima\u00f3ra Gy\u0171jt\u00e9s a szents\u00edrn\u00e1l a Szentf\u00f6ld jav\u00e1ra. 05.04.2026\u00a0\u00a0 H\u00daSV\u00c9T SZENT \u00c9S NAGY VAS\u00c1RNAPJA 12:00\u00a0 Felt\u00e1mad\u00e1si ima\u00f3ra. Liturgia. H\u00fasv\u00e9ti eledelek meg\u00e1ld\u00e1sa. Mirov\u00e1l\u00e1s. 06.04.2026\u00a0\u00a0 H\u00daSV\u00c9T H\u00c9TF\u0150 (parancsolt \u00fcnnep) [&hellip;]\" \/>\n<meta property=\"og:url\" content=\"https:\/\/kestaremesto.grkatke.sk\/?page_id=658\" \/>\n<meta property=\"og:site_name\" content=\"GR\u00c9CKOKATOL\u00cdCKA CIRKEV FARNOS\u0164 KO\u0160ICE - STAR\u00c9 MESTO\" \/>\n<meta property=\"article:publisher\" content=\"https:\/\/www.facebook.com\/Na%c5%a1a-Katedr%c3%a1la-231637610336060\/\" \/>\n<meta property=\"article:modified_time\" content=\"2026-03-28T21:43:32+00:00\" \/>\n<meta name=\"twitter:card\" content=\"summary_large_image\" \/>\n<meta name=\"twitter:label1\" content=\"Predpokladan\u00fd \u010das \u010d\u00edtania\" \/>\n\t<meta name=\"twitter:data1\" content=\"1 min\u00fata\" \/>\n<script type=\"application\/ld+json\" class=\"yoast-schema-graph\">{\"@context\":\"https:\\\/\\\/schema.org\",\"@graph\":[{\"@type\":\"WebPage\",\"@id\":\"https:\\\/\\\/kestaremesto.grkatke.sk\\\/?page_id=658\",\"url\":\"https:\\\/\\\/kestaremesto.grkatke.sk\\\/?page_id=658\",\"name\":\"LITURGIKUS PROGRAM - GR\u00c9CKOKATOL\u00cdCKA CIRKEV FARNOS\u0164 KO\u0160ICE - STAR\u00c9 MESTO\",\"isPartOf\":{\"@id\":\"https:\\\/\\\/kestaremesto.grkatke.sk\\\/#website\"},\"datePublished\":\"2017-03-30T07:50:49+00:00\",\"dateModified\":\"2026-03-28T21:43:32+00:00\",\"breadcrumb\":{\"@id\":\"https:\\\/\\\/kestaremesto.grkatke.sk\\\/?page_id=658#breadcrumb\"},\"inLanguage\":\"sk-SK\",\"potentialAction\":[{\"@type\":\"ReadAction\",\"target\":[\"https:\\\/\\\/kestaremesto.grkatke.sk\\\/?page_id=658\"]}]},{\"@type\":\"BreadcrumbList\",\"@id\":\"https:\\\/\\\/kestaremesto.grkatke.sk\\\/?page_id=658#breadcrumb\",\"itemListElement\":[{\"@type\":\"ListItem\",\"position\":1,\"name\":\"Domovsk\u00e1 str\u00e1nka\",\"item\":\"https:\\\/\\\/kestaremesto.grkatke.sk\\\/\"},{\"@type\":\"ListItem\",\"position\":2,\"name\":\"LITURGIKUS PROGRAM\"}]},{\"@type\":\"WebSite\",\"@id\":\"https:\\\/\\\/kestaremesto.grkatke.sk\\\/#website\",\"url\":\"https:\\\/\\\/kestaremesto.grkatke.sk\\\/\",\"name\":\"GR\u00c9CKOKATOL\u00cdCKA CIRKEV FARNOS\u0164 KO\u0160ICE - STAR\u00c9 MESTO\",\"description\":\"\",\"potentialAction\":[{\"@type\":\"SearchAction\",\"target\":{\"@type\":\"EntryPoint\",\"urlTemplate\":\"https:\\\/\\\/kestaremesto.grkatke.sk\\\/?s={search_term_string}\"},\"query-input\":{\"@type\":\"PropertyValueSpecification\",\"valueRequired\":true,\"valueName\":\"search_term_string\"}}],\"inLanguage\":\"sk-SK\"}]}<\/script>\n<!-- \/ Yoast SEO plugin. -->","yoast_head_json":{"title":"LITURGIKUS PROGRAM - GR\u00c9CKOKATOL\u00cdCKA CIRKEV FARNOS\u0164 KO\u0160ICE - STAR\u00c9 MESTO","robots":{"index":"index","follow":"follow","max-snippet":"max-snippet:-1","max-image-preview":"max-image-preview:large","max-video-preview":"max-video-preview:-1"},"canonical":"https:\/\/kestaremesto.grkatke.sk\/?page_id=658","og_locale":"sk_SK","og_type":"article","og_title":"LITURGIKUS PROGRAM - GR\u00c9CKOKATOL\u00cdCKA CIRKEV FARNOS\u0164 KO\u0160ICE - STAR\u00c9 MESTO","og_description":"H\u00daSV\u00c9TI MAGYAR LITURGIKUS PROGRAM 2026 02.04.2026\u00a0\u00a0 NAGYCS\u00dcT\u00d6RT\u00d6K &#8211; Magyar liturgia nincs. 17:00\u00a0 P\u00fcsp\u00f6ki szent liturgia vecserny\u00e9vel, M\u0171r\u00f3 szentel\u00e9ssel \u00e9s l\u00e1bmos\u00e1ssal (szlov\u00e1k nyelven) 03.04.2026\u00a0\u00a0 NAGYP\u00c9NTEK. Szigor\u00fa b\u00f6jt! 09:30\u00a0 3. Kir\u00e1lyi ima\u00f3ra Gy\u0171jt\u00e9s a szents\u00edrn\u00e1l a Szentf\u00f6ld jav\u00e1ra. 05.04.2026\u00a0\u00a0 H\u00daSV\u00c9T SZENT \u00c9S NAGY VAS\u00c1RNAPJA 12:00\u00a0 Felt\u00e1mad\u00e1si ima\u00f3ra. Liturgia. H\u00fasv\u00e9ti eledelek meg\u00e1ld\u00e1sa. Mirov\u00e1l\u00e1s. 06.04.2026\u00a0\u00a0 H\u00daSV\u00c9T H\u00c9TF\u0150 (parancsolt \u00fcnnep) [&hellip;]","og_url":"https:\/\/kestaremesto.grkatke.sk\/?page_id=658","og_site_name":"GR\u00c9CKOKATOL\u00cdCKA CIRKEV FARNOS\u0164 KO\u0160ICE - STAR\u00c9 MESTO","article_publisher":"https:\/\/www.facebook.com\/Na%c5%a1a-Katedr%c3%a1la-231637610336060\/","article_modified_time":"2026-03-28T21:43:32+00:00","twitter_card":"summary_large_image","twitter_misc":{"Predpokladan\u00fd \u010das \u010d\u00edtania":"1 min\u00fata"},"schema":{"@context":"https:\/\/schema.org","@graph":[{"@type":"WebPage","@id":"https:\/\/kestaremesto.grkatke.sk\/?page_id=658","url":"https:\/\/kestaremesto.grkatke.sk\/?page_id=658","name":"LITURGIKUS PROGRAM - GR\u00c9CKOKATOL\u00cdCKA CIRKEV FARNOS\u0164 KO\u0160ICE - STAR\u00c9 MESTO","isPartOf":{"@id":"https:\/\/kestaremesto.grkatke.sk\/#website"},"datePublished":"2017-03-30T07:50:49+00:00","dateModified":"2026-03-28T21:43:32+00:00","breadcrumb":{"@id":"https:\/\/kestaremesto.grkatke.sk\/?page_id=658#breadcrumb"},"inLanguage":"sk-SK","potentialAction":[{"@type":"ReadAction","target":["https:\/\/kestaremesto.grkatke.sk\/?page_id=658"]}]},{"@type":"BreadcrumbList","@id":"https:\/\/kestaremesto.grkatke.sk\/?page_id=658#breadcrumb","itemListElement":[{"@type":"ListItem","position":1,"name":"Domovsk\u00e1 str\u00e1nka","item":"https:\/\/kestaremesto.grkatke.sk\/"},{"@type":"ListItem","position":2,"name":"LITURGIKUS PROGRAM"}]},{"@type":"WebSite","@id":"https:\/\/kestaremesto.grkatke.sk\/#website","url":"https:\/\/kestaremesto.grkatke.sk\/","name":"GR\u00c9CKOKATOL\u00cdCKA CIRKEV FARNOS\u0164 KO\u0160ICE - STAR\u00c9 MESTO","description":"","potentialAction":[{"@type":"SearchAction","target":{"@type":"EntryPoint","urlTemplate":"https:\/\/kestaremesto.grkatke.sk\/?s={search_term_string}"},"query-input":{"@type":"PropertyValueSpecification","valueRequired":true,"valueName":"search_term_string"}}],"inLanguage":"sk-SK"}]}},"_links":{"self":[{"href":"https:\/\/kestaremesto.grkatke.sk\/index.php?rest_route=\/wp\/v2\/pages\/658","targetHints":{"allow":["GET"]}}],"collection":[{"href":"https:\/\/kestaremesto.grkatke.sk\/index.php?rest_route=\/wp\/v2\/pages"}],"about":[{"href":"https:\/\/kestaremesto.grkatke.sk\/index.php?rest_route=\/wp\/v2\/types\/page"}],"author":[{"embeddable":true,"href":"https:\/\/kestaremesto.grkatke.sk\/index.php?rest_route=\/wp\/v2\/users\/2"}],"replies":[{"embeddable":true,"href":"https:\/\/kestaremesto.grkatke.sk\/index.php?rest_route=%2Fwp%2Fv2%2Fcomments&post=658"}],"version-history":[{"count":6,"href":"https:\/\/kestaremesto.grkatke.sk\/index.php?rest_route=\/wp\/v2\/pages\/658\/revisions"}],"predecessor-version":[{"id":5038,"href":"https:\/\/kestaremesto.grkatke.sk\/index.php?rest_route=\/wp\/v2\/pages\/658\/revisions\/5038"}],"wp:attachment":[{"href":"https:\/\/kestaremesto.grkatke.sk\/index.php?rest_route=%2Fwp%2Fv2%2Fmedia&parent=658"}],"curies":[{"name":"wp","href":"https:\/\/api.w.org\/{rel}","templated":true}]}}

<p><span style="color: #ff0000;"><strong>HÚSVÉTI MAGYAR LITURGIKUS PROGRAM 2026</strong></span></p>
<hr />
<p><strong><span style="color: #ff0000;">02.04.2026   NAGYCSÜTÖRTÖK</span> &#8211; </strong><em><u>Magyar liturgia nincs.<br />
</u></em><strong>17:00  Püspöki szent liturgia</strong> vecsernyével, Műró szenteléssel és lábmosással <em>(szlovák nyelven)</em></p>
<p><span style="color: #ff0000;"><strong>03.04.2026   NAGYPÉNTEK. </strong></span><em><u>Szigorú böjt!<br />
</u></em><strong>09:30  3. Királyi imaóra<br />
</strong><em><u>Gyűjtés</u></em><em> a szentsírnál a Szentföld javára.</em></p>
<p><span style="color: #ff0000;"><strong>05.04.2026   HÚSVÉT SZENT ÉS NAGY VASÁRNAPJA<br />
</strong></span><strong>12:00  Feltámadási imaóra. Liturgia.</strong><strong><br />
</strong><em>Húsvéti eledelek megáldása. <u>Miroválás</u>.</em></p>
<p><span style="color: #ff0000;"><strong>06.04.2026   HÚSVÉT HÉTFŐ </strong></span><em><span style="color: #ff0000;">(parancsolt ünnep)</span><br />
</em><em>08:00  Liturgia Kenyhec (Kechnec)</em><em><br />
</em>11:50  Feltámadási imaóra<br />
<strong>12:00  Liturgia</strong></p>
<p>&nbsp;</p>

<p>HÚSVÉTI MAGYAR LITURGIKUS PROGRAM 2026 02.04.2026   NAGYCSÜTÖRTÖK &#8211; Magyar liturgia nincs. 17:00  Püspöki szent liturgia vecsernyével, Műró szenteléssel és lábmosással (szlovák nyelven) 03.04.2026   NAGYPÉNTEK. Szigorú böjt! 09:30  3. Királyi imaóra Gyűjtés a szentsírnál a Szentföld javára. 05.04.2026   HÚSVÉT SZENT ÉS NAGY VASÁRNAPJA 12:00  Feltámadási imaóra. Liturgia. Húsvéti eledelek megáldása. Miroválás. 06.04.2026   HÚSVÉT HÉTFŐ (parancsolt ünnep) [&hellip;]</p>

<!-- This site is optimized with the Yoast SEO plugin v27.4 - https://yoast.com/product/yoast-seo-wordpress/ -->
<title>LITURGIKUS PROGRAM - GRÉCKOKATOLÍCKA CIRKEV FARNOSŤ KOŠICE - STARÉ MESTO</title>
<meta name="robots" content="index, follow, max-snippet:-1, max-image-preview:large, max-video-preview:-1" />
<link rel="canonical" href="https://kestaremesto.grkatke.sk/?page_id=658" />
<meta property="og:locale" content="sk_SK" />
<meta property="og:type" content="article" />
<meta property="og:title" content="LITURGIKUS PROGRAM - GRÉCKOKATOLÍCKA CIRKEV FARNOSŤ KOŠICE - STARÉ MESTO" />
<meta property="og:description" content="HÚSVÉTI MAGYAR LITURGIKUS PROGRAM 2026 02.04.2026   NAGYCSÜTÖRTÖK &#8211; Magyar liturgia nincs. 17:00  Püspöki szent liturgia vecsernyével, Műró szenteléssel és lábmosással (szlovák nyelven) 03.04.2026   NAGYPÉNTEK. Szigorú böjt! 09:30  3. Királyi imaóra Gyűjtés a szentsírnál a Szentföld javára. 05.04.2026   HÚSVÉT SZENT ÉS NAGY VASÁRNAPJA 12:00  Feltámadási imaóra. Liturgia. Húsvéti eledelek megáldása. Miroválás. 06.04.2026   HÚSVÉT HÉTFŐ (parancsolt ünnep) [&hellip;]" />
<meta property="og:url" content="https://kestaremesto.grkatke.sk/?page_id=658" />
<meta property="og:site_name" content="GRÉCKOKATOLÍCKA CIRKEV FARNOSŤ KOŠICE - STARÉ MESTO" />
<meta property="article:publisher" content="https://www.facebook.com/Na%c5%a1a-Katedr%c3%a1la-231637610336060/" />
<meta property="article:modified_time" content="2026-03-28T21:43:32+00:00" />
<meta name="twitter:card" content="summary_large_image" />
<meta name="twitter:label1" content="Predpokladaný čas čítania" />
	<meta name="twitter:data1" content="1 minúta" />
<script type="application/ld+json" class="yoast-schema-graph">{"@context":"https:\/\/schema.org","@graph":[{"@type":"WebPage","@id":"https:\/\/kestaremesto.grkatke.sk\/?page_id=658","url":"https:\/\/kestaremesto.grkatke.sk\/?page_id=658","name":"LITURGIKUS PROGRAM - GRÉCKOKATOLÍCKA CIRKEV FARNOSŤ KOŠICE - STARÉ MESTO","isPartOf":{"@id":"https:\/\/kestaremesto.grkatke.sk\/#website"},"datePublished":"2017-03-30T07:50:49+00:00","dateModified":"2026-03-28T21:43:32+00:00","breadcrumb":{"@id":"https:\/\/kestaremesto.grkatke.sk\/?page_id=658#breadcrumb"},"inLanguage":"sk-SK","potentialAction":[{"@type":"ReadAction","target":["https:\/\/kestaremesto.grkatke.sk\/?page_id=658"]}]},{"@type":"BreadcrumbList","@id":"https:\/\/kestaremesto.grkatke.sk\/?page_id=658#breadcrumb","itemListElement":[{"@type":"ListItem","position":1,"name":"Domovská stránka","item":"https:\/\/kestaremesto.grkatke.sk\/"},{"@type":"ListItem","position":2,"name":"LITURGIKUS PROGRAM"}]},{"@type":"WebSite","@id":"https:\/\/kestaremesto.grkatke.sk\/#website","url":"https:\/\/kestaremesto.grkatke.sk\/","name":"GRÉCKOKATOLÍCKA CIRKEV FARNOSŤ KOŠICE - STARÉ MESTO","description":"","potentialAction":[{"@type":"SearchAction","target":{"@type":"EntryPoint","urlTemplate":"https:\/\/kestaremesto.grkatke.sk\/?s={search_term_string}"},"query-input":{"@type":"PropertyValueSpecification","valueRequired":true,"valueName":"search_term_string"}}],"inLanguage":"sk-SK"}]}</script>
<!-- / Yoast SEO plugin. -->

LITURGIKUS PROGRAM - GRÉCKOKATOLÍCKA CIRKEV FARNOSŤ KOŠICE - STARÉ MESTO

HÚSVÉTI MAGYAR LITURGIKUS PROGRAM 2026 02.04.2026   NAGYCSÜTÖRTÖK &#8211; Magyar liturgia nincs. 17:00  Püspöki szent liturgia vecsernyével, Műró szenteléssel és lábmosással (szlovák nyelven) 03.04.2026   NAGYPÉNTEK. Szigorú böjt! 09:30  3. Királyi imaóra Gyűjtés a szentsírnál a Szentföld javára. 05.04.2026   HÚSVÉT SZENT ÉS NAGY VASÁRNAPJA 12:00  Feltámadási imaóra. Liturgia. Húsvéti eledelek megáldása. Miroválás. 06.04.2026   HÚSVÉT HÉTFŐ (parancsolt ünnep) [&hellip;]

GRÉCKOKATOLÍCKA CIRKEV FARNOSŤ KOŠICE - STARÉ MESTO

1 minúta

Domovská stránka
